{"id":51,"date":"2024-05-27T11:23:42","date_gmt":"2024-05-27T09:23:42","guid":{"rendered":"http:\/\/alliancechinoise.fr\/index.php\/newsletter\/"},"modified":"2025-01-13T17:20:55","modified_gmt":"2025-01-13T16:20:55","slug":"preparation-au-hsk","status":"publish","type":"page","link":"http:\/\/alliancechinoise.fr\/index.php\/preparation-au-hsk\/","title":{"rendered":"Pr\u00e9paration au HSK"},"content":{"rendered":"\n<h2 class=\"wp-block-heading\">Formation de pr\u00e9paration \u00e0 l&#8217;examen HSK (tous niveaux)<\/h2>\n\n\n\n<p><strong>Objectif : Pr\u00e9paration compl\u00e8te \u00e0 l\u2019examen HSK (Niveaux 1 \u00e0 6)<\/strong><\/p>\n\n\n\n<hr class=\"wp-block-separator has-alpha-channel-opacity\"\/>\n\n\n\n<h4 class=\"wp-block-heading\">Objectifs g\u00e9n\u00e9raux<\/h4>\n\n\n\n<p>La formation vise \u00e0 pr\u00e9parer les apprenants \u00e0 :<\/p>\n\n\n\n<ul class=\"wp-block-list\">\n<li>Comprendre et ma\u00eetriser les comp\u00e9tences linguistiques n\u00e9cessaires pour r\u00e9ussir le niveau cibl\u00e9 de l\u2019examen HSK.<\/li>\n\n\n\n<li>Familiariser les apprenants avec le format, la structure et les exigences de l\u2019examen.<\/li>\n\n\n\n<li>D\u00e9velopper des strat\u00e9gies efficaces pour maximiser leur score dans chaque section (compr\u00e9hension orale, \u00e9crite et, le cas \u00e9ch\u00e9ant, expression orale).<\/li>\n<\/ul>\n\n\n\n<hr class=\"wp-block-separator has-alpha-channel-opacity\"\/>\n\n\n\n<h4 class=\"wp-block-heading\">Contenu de la formation<\/h4>\n\n\n\n<ol class=\"wp-block-list\">\n<li><strong>Structure de l&#8217;examen HSK<\/strong>\n<ul class=\"wp-block-list\">\n<li>Pr\u00e9sentation d\u00e9taill\u00e9e des sections : compr\u00e9hension orale, compr\u00e9hension \u00e9crite, expression \u00e9crite (pour HSK 3-6) et expression orale (pour HSKK).<\/li>\n\n\n\n<li>Analyse des crit\u00e8res d\u2019\u00e9valuation et des attentes pour chaque niveau.<\/li>\n<\/ul>\n<\/li>\n\n\n\n<li><strong>Comp\u00e9tences linguistiques par niveau<\/strong>\n<ul class=\"wp-block-list\">\n<li><strong>HSK 1 et 2<\/strong> :\n<ul class=\"wp-block-list\">\n<li>Acquisition des bases de la langue : 150 \u00e0 300 mots de vocabulaire.<\/li>\n\n\n\n<li>Compr\u00e9hension et production de phrases simples sur des sujets quotidiens.<\/li>\n\n\n\n<li>Pratique intensive de la reconnaissance et de l\u2019\u00e9criture des caract\u00e8res de base.<\/li>\n<\/ul>\n<\/li>\n\n\n\n<li><strong>HSK 3 et 4<\/strong> :\n<ul class=\"wp-block-list\">\n<li>Ma\u00eetrise de 600 \u00e0 1200 mots et des structures grammaticales interm\u00e9diaires.<\/li>\n\n\n\n<li>D\u00e9veloppement des comp\u00e9tences de compr\u00e9hension \u00e9crite et orale dans des contextes vari\u00e9s.<\/li>\n\n\n\n<li>R\u00e9daction de textes courts et coh\u00e9rents (lettres, descriptions).<\/li>\n<\/ul>\n<\/li>\n\n\n\n<li><strong>HSK 5 et 6<\/strong> :\n<ul class=\"wp-block-list\">\n<li>Enrichissement du vocabulaire (jusqu\u2019\u00e0 5000 mots) et des expressions idiomatiques.<\/li>\n\n\n\n<li>Analyse de textes complexes : articles d\u2019actualit\u00e9, essais acad\u00e9miques, extraits litt\u00e9raires.<\/li>\n\n\n\n<li>R\u00e9daction de textes argumentatifs ou descriptifs d\u00e9taill\u00e9s.<\/li>\n\n\n\n<li>Perfectionnement de l\u2019expression orale pour des discours structur\u00e9s et fluides.<\/li>\n<\/ul>\n<\/li>\n<\/ul>\n<\/li>\n\n\n\n<li><strong>Strat\u00e9gies et m\u00e9thodologie<\/strong>\n<ul class=\"wp-block-list\">\n<li>Techniques pour optimiser la gestion du temps durant l\u2019examen.<\/li>\n\n\n\n<li>M\u00e9thodes de compr\u00e9hension rapide des textes et des dialogues.<\/li>\n\n\n\n<li>Identification des pi\u00e8ges fr\u00e9quents et des astuces pour y r\u00e9pondre efficacement.<\/li>\n<\/ul>\n<\/li>\n\n\n\n<li><strong>Entra\u00eenement pratique<\/strong>\n<ul class=\"wp-block-list\">\n<li>R\u00e9alisation de tests blancs pour chaque niveau avec correction d\u00e9taill\u00e9e.<\/li>\n\n\n\n<li>Simulations des conditions r\u00e9elles de l\u2019examen.<\/li>\n\n\n\n<li>Analyse personnalis\u00e9e des erreurs pour cibler les axes d\u2019am\u00e9lioration.<\/li>\n<\/ul>\n<\/li>\n\n\n\n<li><strong>Pr\u00e9paration sp\u00e9cifique au HSKK (expression orale)<\/strong>\n<ul class=\"wp-block-list\">\n<li>D\u00e9veloppement de la fluidit\u00e9 et de la spontan\u00e9it\u00e9 dans la prise de parole.<\/li>\n\n\n\n<li>Pratique des th\u00e8mes r\u00e9currents dans les sections orales.<\/li>\n\n\n\n<li>Correction de la prononciation et travail sur l\u2019intonation et le rythme.<\/li>\n<\/ul>\n<\/li>\n<\/ol>\n\n\n\n<hr class=\"wp-block-separator has-alpha-channel-opacity\"\/>\n\n\n\n<h4 class=\"wp-block-heading\">M\u00e9thodologie<\/h4>\n\n\n\n<ul class=\"wp-block-list\">\n<li><strong>Supports p\u00e9dagogiques sp\u00e9cialis\u00e9s<\/strong> :\n<ul class=\"wp-block-list\">\n<li>Manuels officiels du HSK adapt\u00e9s \u00e0 chaque niveau.<\/li>\n\n\n\n<li>Fiches r\u00e9capitulatives du vocabulaire et des points grammaticaux essentiels.<\/li>\n\n\n\n<li>Plateformes num\u00e9riques pour s\u2019entra\u00eener en ligne.<\/li>\n<\/ul>\n<\/li>\n\n\n\n<li><strong>Approche progressive<\/strong> :\n<ul class=\"wp-block-list\">\n<li>De l\u2019acquisition des bases au perfectionnement des comp\u00e9tences selon le niveau cibl\u00e9.<\/li>\n<\/ul>\n<\/li>\n\n\n\n<li><strong>\u00c9valuations continues<\/strong> :\n<ul class=\"wp-block-list\">\n<li>Tests r\u00e9guliers pour suivre la progression.<\/li>\n\n\n\n<li>Feedback personnalis\u00e9 pour renforcer les points faibles et valoriser les points forts.<\/li>\n<\/ul>\n<\/li>\n<\/ul>\n\n\n\n<hr class=\"wp-block-separator has-alpha-channel-opacity\"\/>\n\n\n\n<h4 class=\"wp-block-heading\">Dur\u00e9e de la formation<\/h4>\n\n\n\n<ul class=\"wp-block-list\">\n<li><strong>HSK 1 et 2<\/strong> : 30 \u00e0 50 heures.<\/li>\n\n\n\n<li><strong>HSK 3 et 4<\/strong> : 50 \u00e0 100 heures.<\/li>\n\n\n\n<li><strong>HSK 5 et 6<\/strong> : 100 \u00e0 150 heures.<\/li>\n\n\n\n<li>Organisation :\n<ul class=\"wp-block-list\">\n<li>Sessions hebdomadaires de 2 \u00e0 4 heures.<\/li>\n\n\n\n<li>Modules intensifs disponibles pour les apprenants souhaitant passer l\u2019examen rapidement.<\/li>\n<\/ul>\n<\/li>\n<\/ul>\n\n\n\n<hr class=\"wp-block-separator has-alpha-channel-opacity\"\/>\n\n\n\n<h4 class=\"wp-block-heading\">Modalit\u00e9s d\u2019inscription<\/h4>\n\n\n\n<ul class=\"wp-block-list\">\n<li>Formation ouverte aux apprenants de tous niveaux.<\/li>\n\n\n\n<li>Test de positionnement gratuit pour d\u00e9terminer le niveau et les besoins sp\u00e9cifiques.<\/li>\n\n\n\n<li>Inscriptions en ligne ou au bureau de l\u2019association.<\/li>\n<\/ul>\n\n\n\n<hr class=\"wp-block-separator has-alpha-channel-opacity\"\/>\n\n\n\n<h4 class=\"wp-block-heading\">Points forts de la formation<\/h4>\n\n\n\n<ul class=\"wp-block-list\">\n<li>Pr\u00e9paration sp\u00e9cifique et cibl\u00e9e en fonction du niveau d\u2019examen.<\/li>\n\n\n\n<li>Enseignants natifs et exp\u00e9riment\u00e9s, familiaris\u00e9s avec le format du HSK.<\/li>\n\n\n\n<li>Suivi personnalis\u00e9 pour garantir une progression optimale.<\/li>\n<\/ul>\n\n\n\n<hr class=\"wp-block-separator has-alpha-channel-opacity\"\/>\n\n\n\n<p class=\"has-text-align-center\">Rejoignez notre programme de pr\u00e9paration au HSK et maximisez vos chances de r\u00e9ussir cet examen essentiel pour vos objectifs acad\u00e9miques, professionnels ou personnels ! \ud83d\ude80<\/p>\n\n\n\n<div class=\"wp-block-buttons is-content-justification-center is-layout-flex wp-container-core-buttons-is-layout-a89b3969 wp-block-buttons-is-layout-flex\">\n<div class=\"wp-block-button\"><a class=\"wp-block-button__link wp-element-button\" href=\"https:\/\/forms.gle\/87YtSevHX4LL58HP6\">Inscription en ligne<\/a><\/div>\n<\/div>\n","protected":false},"excerpt":{"rendered":"<p>Formation de pr\u00e9paration \u00e0 l&#8217;examen HSK (tous niveaux) Objectif : Pr\u00e9paration compl\u00e8te \u00e0 l\u2019examen HSK (Niveaux 1 \u00e0 6) Objectifs g\u00e9n\u00e9raux La formation vise \u00e0 pr\u00e9parer les apprenants \u00e0 : Contenu de la formation M\u00e9thodologie Dur\u00e9e de la formation Modalit\u00e9s d\u2019inscription Points forts de la formation Rejoignez notre programme de pr\u00e9paration au HSK et maximisez [&hellip;]<\/p>\n","protected":false},"author":1,"featured_media":291,"parent":0,"menu_order":0,"comment_status":"closed","ping_status":"closed","template":"","meta":{"footnotes":""},"class_list":["post-51","page","type-page","status-publish","has-post-thumbnail","hentry"],"_links":{"self":[{"href":"http:\/\/alliancechinoise.fr\/index.php\/wp-json\/wp\/v2\/pages\/51","targetHints":{"allow":["GET"]}}],"collection":[{"href":"http:\/\/alliancechinoise.fr\/index.php\/wp-json\/wp\/v2\/pages"}],"about":[{"href":"http:\/\/alliancechinoise.fr\/index.php\/wp-json\/wp\/v2\/types\/page"}],"author":[{"embeddable":true,"href":"http:\/\/alliancechinoise.fr\/index.php\/wp-json\/wp\/v2\/users\/1"}],"replies":[{"embeddable":true,"href":"http:\/\/alliancechinoise.fr\/index.php\/wp-json\/wp\/v2\/comments?post=51"}],"version-history":[{"count":3,"href":"http:\/\/alliancechinoise.fr\/index.php\/wp-json\/wp\/v2\/pages\/51\/revisions"}],"predecessor-version":[{"id":307,"href":"http:\/\/alliancechinoise.fr\/index.php\/wp-json\/wp\/v2\/pages\/51\/revisions\/307"}],"wp:featuredmedia":[{"embeddable":true,"href":"http:\/\/alliancechinoise.fr\/index.php\/wp-json\/wp\/v2\/media\/291"}],"wp:attachment":[{"href":"http:\/\/alliancechinoise.fr\/index.php\/wp-json\/wp\/v2\/media?parent=51"}],"curies":[{"name":"wp","href":"https:\/\/api.w.org\/{rel}","templated":true}]}}